at is the remainder when 204 is divided by 52?
48
Calculate the remainder when 1730 is divided by 51.
47
Calculate the remainder when 77 is divided by 33.
11
Calculate the remainder when 599 is divided by 55.
49
Calculate the remainder when 126 is divided by 64.
62
Calculate the remainder when 167 is divided by 42.
41
Calculate the remainder when 353 is divided by 20.
13
Calculate the remainder when 114 is divided by 37.
3
Calculate the remainder when 4246 is divided by 25.
21
What is the remainder when 893 is divided by 30?
23
Calculate the remainder when 107 is divided by 34.
5
Calculate the remainder when 10 is divided by 9.
1
What is the remainder when 154 is divided by 20?
14
Calculate the remainder when 169 is divided by 16.
9
What is the remainder when 446 is divided by 18?
14
Calculate the remainder when 122 is divided by 12.
2
Calculate the remainder when 1846 is divided by 922.
2
Calculate the remainder when 187 is divided by 121.
66
What is the remainder when 113 is divided by 60?
53
Calculate the remainder when 555 is divided by 31.
28
Calculate the remainder when 10345 is divided by 115.
110
Calculate the remainder when 279 is divided by 40.
39
Calculate the remainder when 1524 is divided by 759.
6
What is the remainder when 2953 is divided by 226?
15
Calculate the remainder when 2671 is divided by 99.
97
Calculate the remainder when 127 is divided by 65.
62
Calculate the remainder when 305 is divided by 147.
11
What is the remainder when 387 is divided by 10?
7
Calculate the remainder when 125 is divided by 50.
25
Calculate the remainder when 73 is divided by 66.
7
Calculate the remainder when 1072 is divided by 244.
96
Calculate the remainder when 87 is divided by 9.
6
Calculate the remainder when 12211 is divided by 69.
67
Calculate the remainder when 1991 is divided by 54.
47
What is the remainder when 22 is divided by 6?
4
Calculate the remainder when 520 is divided by 60.
40
Calculate the remainder when 5277 is divided by 19.
14
Calculate the remainder when 341 is divided by 95.
56
Calculate the remainder when 389 is divided by 74.
19
Calculate the remainder when 191 is divided by 72.
47
Calculate the remainder when 4100 is divided by 28.
12
Calculate the remainder when 228 is divided by 122.
106
What is the remainder when 287 is divided by 72?
71
What is the remainder when 4450 is divided by 53?
51
Calculate the remainder when 396 is divided by 19.
16
Calculate the remainder when 281 is divided by 19.
15
Calculate the remainder when 122 is divided by 22.
12
What is the remainder when 551 is divided by 12?
11
What is the remainder when 1378 is divided by 69?
67
What is the remainder when 323 is divided by 247?
76
Calculate the remainder when 4324 is divided by 42.
40
Calculate the remainder when 1338 is divided by 190.
8
Calculate the remainder when 476 is divided by 3.
2
What is the remainder when 656 is divided by 9?
8
Calculate the remainder when 85 is divided by 23.
16
What is the remainder when 1357 is divided by 58?
23
Calculate the remainder when 264 is divided by 143.
121
Calculate the remainder when 251 is divided by 42.
41
What is the remainder when 124 is divided by 42?
40
What is the remainder when 610 is divided by 3?
1
What is the remainder when 1503 is divided by 35?
33
Calculate the remainder when 11335 is divided by 36.
31
Calculate the remainder when 222 is divided by 14.
12
What is the remainder when 2700 is divided by 19?
2
Calculate the remainder when 1704 is divided by 31.
30
Calculate the remainder when 4546 is divided by 14.
10
Calculate the remainder when 673 is divided by 650.
23
Calculate the remainder when 3430 is divided by 47.
46
What is the remainder when 532 is divided by 190?
152
Calculate the remainder when 201 is divided by 99.
3
What is the remainder when 509 is divided by 17?
16
What is the remainder when 54 is divided by 15?
9
Calculate the remainder when 281 is divided by 99.
83
Calculate the remainder when 162 is divided by 55.
52
What is the remainder when 288 is divided by 138?
12
What is the remainder when 478 is divided by 62?
44
What is the remainder when 335 is divided by 327?
8
What is the remainder when 101 is divided by 26?
23
Calculate the remainder when 1817 is divided by 58.
19
What is the remainder when 231 is divided by 35?
21
Calculate the remainder when 8340 is divided by 56.
52
Calculate the remainder when 3558 is divided by 5.
3
What is the remainder when 272 is divided by 24?
8
What is the remainder when 158 is divided by 53?
52
What is the remainder when 331 is divided by 81?
7
Calculate the remainder when 1672 is divided by 451.
319
What is the remainder when 209 is divided by 15?
14
Calculate the remainder when 3405 is divided by 61.
50
Calculate the remainder when 137 is divided by 48.
41
What is the remainder when 154 is divided by 104?
50
Calculate the remainder when 187 is divided by 93.
1
What is the remainder when 2460 is divided by 608?
28
Calculate the remainder when 216 is divided by 44.
40
What is the remainder when 3638 is divided by 260?
258
What is the remainder when 345 is divided by 64?
25
What is the remainder when 5368 is divided by 383?
6
Calculate the remainder when 54 is divided by 3.
0
What is the remainder when 4993 is divided by 185?
183
What is the remainder when 124 is divided by 45?
34
Calculate the remainder when 1706 is divided by 124.
94
What is the remainder when 109 is divided by 40?
29
Calculate the remainder when 576 is divided by 146.
138
What is the remainder when 283 is divided by 75?
58
What is the remainder when 8072 is divided by 9?
8
Calculate the remainder when 201 is divided by 115.
86
What is the remainder when 64689 is divided by 108?
105
What is the remainder when 238 is divided by 35?
28
Calculate the remainder when 285 is divided by 16.
13
Calculate the remainder when 643 is divided by 631.
12
Calculate the remainder when 350 is divided by 39.
38
What is the remainder when 1355 is divided by 95?
25
What is the remainder when 79 is divided by 31?
17
What is the remainder when 61 is divided by 9?
7
Calculate the remainder when 201 is divided by 15.
6
Calculate the remainder when 78 is divided by 31.
16
Calculate the remainder when 296 is divided by 16.
8
Calculate the remainder when 2484 is divided by 210.
174
Calculate the remainder when 493 is divided by 34.
17
What is the remainder when 384 is divided by 262?
122
What is the remainder when 157 is divided by 92?
65
Calculate the remainder when 1325 is divided by 145.
20
What is the remainder when 492 is divided by 279?
213
What is the remainder when 511 is divided by 32?
31
What is the remainder when 542 is divided by 34?
32
Calculate the remainder when 803 is divided by 783.
20
Calculate the remainder when 55 is divided by 51.
4
What is the remainder when 42 is divided by 11?
9
Calculate the remainder when 175 is divided by 26.
19
Calculate the remainder when 3030 is divided by 138.
132
What is the remainder when 58 is divided by 31?
27
What is the remainder when 204 is divided by 4?
0
What is the remainder when 126 is divided by 22?
16
Calculate the remainder when 555 is divided by 39.
9
Calculate the remainder when 1373 is divided by 8.
5
What is the remainder when 400 is divided by 20?
0
What is the remainder when 6006 is divided by 18?
12
Calculate the remainder when 1404 is divided by 21.
18
What is the remainder when 17088 is divided by 2847?
6
What is the remainder when 9446 is divided by 18?
14
Calculate the remainder when 102 is divided by 10.
2
Calculate the remainder when 174 is divided by 79.
16
What is the remainder when 430 is divided by 24?
22
Calculate the remainder when 706 is divided by 6.
4
Calculate the remainder when 116 is divided by 41.
34
Calculate the remainder when 526 is divided by 33.
31
What is the remainder when 251 is divided by 15?
11
What is the remainder when 106 is divided by 96?
10
What is the remainder when 150 is divided by 19?
17
Calculate the remainder when 1138 is divided by 15.
13
What is the remainder when 1195 is divided by 21?
19
What is the remainder when 366 is divided by 9?
6
Calculate the remainder when 983 is divided by 26.
21
Calculate the remainder when 5009 is divided by 66.
59
Calculate the remainder when 688